 -2*l**3 - l + l**3 + 2*l**3 + 0*l - 22. Let s be w(0). Let n = s - -40. What is the remainder when 35 is divided by n?
17
Let h = -35 - -65. What is the remainder when h is divided by (7/3 - 3)/(4/(-66))?
8
Let b(r) = -r**2 - 19*r + 6. Calculate the remainder when 105 is divided by b(-16).
51
Suppose 2*h + 4*f = -80, -3*h + 0*f + 2*f = 88. Let m = h + 22. Calculate the remainder when 13 is divided by (1/2)/((-1)/m).
3
Let g = 59 + -22. What is the remainder when 105 is divided by g?
31
Suppose 2*b + b = 138. Calculate the remainder when b is divided by 12.
10
Suppose 4*q = -2*a + 78, q + 3*a + 92 = 6*q. What is the remainder when 55 is divided by q?
17
Suppose 5*n - 55 = 4*h + 54, -5*n + h + 106 = 0. Suppose -3*g = -n - 18. What is the remainder when g is divided by 8?
5
Suppose -3*b + 11 = -7. Suppose -5*k + b*k = 10. Calculate the remainder when 28 is divided by k.
8
Suppose 2*l + 4 - 40 = 0. What is the remainder when l is divided by 5?
3
Let w(k) = 24*k**2 - 3*k - 2. What is the remainder when w(-1) is divided by 13?
12
Suppose 2*a - 5*w = 4*a - 169, 0 = a + 2*w - 86. Calculate the remainder when a is divided by 19.
16
Suppose -3*l = 5*m - 111, -5*m = l - 4 - 33. What is the remainder when l is divided by 19?
18
Let x = 58 + -27. Let v be 426/15 + 6/(-15). Let l = -17 + v. What is the remainder when x is divided by l?
9
Let h(k) = k**2 - 2*k - 2. Calculate the remainder when 22 is divided by h(-2).
4
Calculate the remainder when (-18 + -1)/(-3 + 2) is divided by 11.
8
Let u be 0 + ((-12)/(-4) - 1) + 2. Suppose 2*k - 59 = -9. Suppose 0 = u*s + 2*w - 46, -5*s + 2*w + 2*w + k = 0. Calculate the remainder when 16 is divided by s.
7
Suppose k = 5*q - 2*k - 365, -q + 2*k = -80. Calculate the remainder when q/6 + 2/6 is divided by 3*1*(-35)/(-21).
2
Suppose 0 = 4*v - 40 - 12. Suppose -3*q + 24 = 2*d - 5*q, 4*d + q - 23 = 0. Suppose 6*a = 5*a + d. What is the remainder when v is divided by a?
6
Let s(v) = -v**3 + 4*v**2 - 4. What is the remainder when 9 is divided by s(3)?
4
Let z(n) = n**3 + 4*n**2 - 6*n - 6. Let p(v) = -v**2 - v + 2. Suppose 0*h + 3*h - 6 = 0. Let a be p(h). What is the remainder when 52 is divided by z(a)?
16
Suppose 13*v + v = 238. Suppose m + 2*k + 15 = k, 40 = -3*m - 4*k. What is the remainder when (m/(-6))/(1/15) is divided by v?
16
Let c = -128 - -206. What is the remainder when c is divided by 30 - (0 + -3 + 6)?
24
Suppose -4*t + 20 = -0*t. Suppose -t*h = 16 - 51. Suppose -13 - 23 = -2*y - b, -12 = 3*b. What is the remainder when y is divided by h?
6
Let m(c) = -3*c - 11. Calculate the remainder when m(-10) is divided by 1/(-2)*-11*2.
8
Let i(f) be the third derivative of -f**4/8 + f**3/6 + 4*f**2. Calculate the remainder when i(-7) is divided by 8.
6
Let n = -74 + 87. Calculate the remainder when 86 is divided by n.
8
Let y = 38 - 16. Calculate the remainder when 86 is divided by y.
20
Let a(v) = 7*v + 36. Calculate the remainder when a(0) is divided by 13.
10
Let g(w) = 5*w**2 + w - 1. Let l be g(1). Let t = -3 + l. What is the remainder when 3 is divided by t?
1
Let t(a) = 4 - 1 - 4*a + 9*a. Let m(x) = -10*x - 7. Let r(i) = -2*m(i) - 5*t(i). What is the remainder when 27 is divided by r(-3)?
13
Suppose 0 = 9*f - 48 - 60. Calculate the remainder when 39 is divided by f.
3
Let o = -10 - -22. What is the remainder when o is divided by 2?
0
Let z(l) = 3*l - 3. Let x(r) = r**3 + 3*r**2 - 6*r - 4. Let h be x(-4). Suppose 0 - 17 = -p. Calculate the remainder when p is divided by z(h).
8
Suppose 0 = 3*j - 4*v + 14 - 114, 36 = j - 4*v. Suppose -j = w - 2*w. Calculate the remainder when w is divided by 11.
10
Let a(s) = 4*s - 2. Let n(m) = 11*m - 5. Let l(t) = -8*a(t) + 3*n(t). Let h be (-2 - -8)*(-6)/(-9). What is the remainder when 13 is divided by l(h)?
3
Let d = 7 - -15. What is the remainder when 82 is divided by d?
16
Let q(x) = x**2 - 5*x + 9. Let h be q(6). Suppose -h + 5 = 5*l. Let f(d) = -d**3 + 2*d**2 + 2*d - 1. Calculate the remainder when 31 is divided by f(l).
9
Suppose 91 = 6*d - 119. Calculate the remainder when d is divided by 9.
8
Suppose -4*r + 4*b = -40, 0*r + 2 = 3*r + 4*b. Let q = -20 - -30. What is the remainder when (-284)/r*(-15)/q is divided by 24?
23
Suppose 8*j = 9 + 7. What is the remainder when 7 is divided by j?
1
Let k(g) = g**2 - g + 1. Let r(u) = -u**3 + 13*u**2 + 2. What is the remainder when k(3) is divided by r(13)?
1
Suppose 5*s + 3*o - 75 = 0, -3*o - 20 = -2*s + 10. Calculate the remainder when 43 is divided by s.
13
Suppose 3*j - 58 = 5*k, -12 = -2*j + 2*k - 4*k. Suppose 2*y - 20 = -3*y. Suppose -u = -y*u + 57. What is the remainder when u is divided by j?
8
Suppose 0 = t - 4*k - 54, 2*k + 304 = 5*t - k. Suppose 0 = -17*p + 64 + 208. What is the remainder when t is divided by p?
14
Calculate the remainder when ((-332)/(-8))/(2/4) is divided by -42*2/8*-2.
20
Suppose -h + 2 = -25. Calculate the remainder when h is divided by 18.
9
Let i(v) = -v**2 + v. Let n(g) = -5*g**2 - g - 1. Let w(a) = 6*i(a) - n(a). What is the remainder when w(5) is divided by (-18)/(-4) - 6/4?
2
Let x(u) = u**2 + 9*u + 3. Let j be x(-9). Suppose -45 = -j*n - 2*n. What is the remainder when 17 is divided by n?
8
What is the remainder when 60 is divided by 19 - -4*(-2)/(-4)?
18
Suppose 5*l - 31 = 29. Suppose 7*n + l = 3*n, n - 12 = -3*h. Suppose h*y - 286 = -61. What is the remainder when y is divided by 12?
9
Let w = 35 + -10. Suppose -40 = -5*q + 4*n + n, -4*q - 5*n + 77 = 0. What is the remainder when w is divided by q?
12
Let q be 4/(-1)*26/(-8). Suppose -2*a + 3*a = q. Let l(m) = 6*m - 4. Calculate the remainder when l(7) is divided by a.
12
Let b = -6 + 8. What is the remainder when -1 + (-2 + 1 - -5) is divided by b?
1
Let b(h) = h**3 - 4*h**2 - h - 1. Calculate the remainder when b(5) is divided by (0 - -1)/(6/42).
5
Calculate the remainder when (1*29 - -1) + 1 is divided by (27/6)/3*(-32)/(-3).
15
Suppose 5*b = 2*t + 94, 3*b + 3*t - 4*t - 56 = 0. Calculate the remainder when b is divided by 12.
6
Let l be 29/6 - (-1)/6. Let n = -3 + l. What is the remainder when 2 is divided by n?
0
What is the remainder when 18 is divided by -26*5/(-10) - 3?
8
Suppose -m - 67 + 146 = 0. Calculate the remainder when m is divided by 25.
4
Let r = 97 - 54. Let p be (0 + (-642)/(-10))*5. Calculate the remainder when r is divided by (-6)/21 - p/(-21).
13
Suppose -5*s + 27 = -2*s. Calculate the remainder when 5 - 4 - (-1 - 32) is divided by s.
7
Suppose 0 = -4*d + 1 + 19. Let a = 27 + -13. Calculate the remainder when a is divided by d.
4
Let l(d) = 4*d + 1. Let s(c) = c**2 - 4*c. Let m(i) = 3*l(i) + 2*s(i). Calculate the remainder when 35 is divided by m(-3).
8
Let k(z) = 2*z**2 + 3*z + 2. Let p(r) = r - 12. Let v be p(9). Calculate the remainder when k(v) is divided by 6.
5
Let v(s) = 9*s - 1 + 0 + 2 + 2*s**2. Calculate the remainder when v(-5) is divided by 3.
0
Suppose 16*i + 228 = 660. What is the remainder when 50 is divided by i?
23
Let g(n) = -9*n - 1. Suppose x - 15 = -0*x. What is the remainder when x is divided by g(-1)?
7
Suppose 0 = -6*y + 4*y + 120. Calculate the remainder when y is divided by 16.
12
Suppose -26 - 22 = -4*t. Suppose 5*c - t = -u, 3*u - 14 = -2*c - 2*c. Suppose -3*a = c*a + s - 51, -5 = a + 4*s. What is the remainder when 20 is divided by a?
9
Suppose 2*a + 3 = 13. Suppose -4*t - k = -0*k - 39, a*t - 42 = k. Calculate the remainder when 34 is divided by t.
7
Let h = 35 - 23. What is the remainder when 23 is divided by h?
11
Let o(u) = 2*u**2 - 11*u + 8. Calculate the remainder when o(7) is divided by (-8)/(-10)*1*10.
5
Let k = -28 + 47. What is the remainder when k is divided by 7?
5
Suppose 45 = -f + 2*f. Suppose 0*a - f = -3*a. Calculate the remainder when 29/3*3 + 0 is divided by a.
14
Suppose 2*w = 10, -2*c - 50 = -7*c + w. Calculate the remainder when 43 is divided by c.
10
Suppose 3*j - 5*c - 157 = 79, -5*j + 344 = 4*c. What is the remainder when j is divided by 19?
15
Let u(n) be the second derivative of -n**3/6 + 9*n**2/2 - 3*n. Suppose 3*g + x - 12 = -5, g + 3*x - 13 = 0. What is the remainder when u(8) is divided by g?
0
Let v(x) = 31*x**3 + 2*x**2 - 2*x + 1. Let z(u) = -u**2 + 6*u + 1. Let b be z(6). Calculate the remainder when v(b) is divided by -1 - 9/(11/(-4) + 2).
10
Let h be ((-